45?
True
Does 63 divide 42842520?
True
Is 23 a factor of 5000770608?
False
Does 17916 divide 2917978920?
True
Is 249331357 a multiple of 67?
False
Is 2 a factor of 297335016?
True
Does 479 divide 3774999?
True
Is 120 a factor of 114159840?
True
Is 11 a factor of 28132874?
True
Does 89 divide 164069970?
False
Is 317115960 a multiple of 280?
True
Is 22381266 a multiple of 26?
False
Is 20593370 a multiple of 10?
True
Does 2326 divide 150414413?
False
Is 91261 a multiple of 263?
True
Is 143048810 a multiple of 78?
False
Does 110 divide 433632100?
True
Is 196885824 a multiple of 12?
True
Is 128461242 a multiple of 25?
False
Is 72 a factor of 22008456?
True
Is 162785534 a multiple of 142?
True
Is 525 a factor of 378650412?
False
Is 783958755 a multiple of 184?
False
Is 341 a factor of 146841263?
False
Does 31 divide 4356928471?
False
Is 25798517 a multiple of 59?
True
Does 8 divide 109145168?
True
Is 308507526 a multiple of 10?
False
Is 65 a factor of 656404320?
True
Does 6 divide 6324783?
False
Is 25 a factor of 1232731975?
True
Is 6087 a factor of 2150126512?
False
Is 630 a factor of 51989490?
True
Does 8 divide 205899292?
False
Is 54979334 a multiple of 281?
False
Is 369 a factor of 543440092?
False
Does 170 divide 4189833090?
True
Does 118 divide 1378502455?
False
Does 73 divide 33264207?
False
Is 249720625 a multiple of 3460?
False
Is 1142651928 a multiple of 66?
True
Is 9 a factor of 27543963?
False
Is 149626620 a multiple of 39?
True
Does 2 divide 2688304?
True
Is 1991 a factor of 1453579325?
True
Is 3103650 a multiple of 57?
True
Does 17 divide 2254342?
False
Does 7 divide 483334?
False
Is 29898902 a multiple of 22?
True
Is 1879 a factor of 5175386070?
True
Does 204 divide 23212752?
True
Is 23508625 a multiple of 271?
False
Is 7 a factor of 249471880?
True
Does 7 divide 75856382?
True
Is 3307524804 a multiple of 18?
True
Is 192 a factor of 18010871?
False
Is 106 a factor of 1096444?
False
Is 40 a factor of 10011480?
True
Does 4 divide 350845161?
False
Is 24583561 a multiple of 2?
False
Is 659 a factor of 794730935?
True
Is 3 a factor of 1731740?
False
Is 46 a factor of 3433951?
False
Is 1380 a factor of 41127223?
False
Does 267 divide 3061508058?
False
Is 105 a factor of 48043286?
False
Is 1109 a factor of 172934133?
True
Is 758 a factor of 525373013?
False
Is 3 a factor of 26239322?
False
Is 39608559 a multiple of 165?
False
Does 12 divide 1374584916?
True
Is 187 a factor of 770159481?
False
Does 1127 divide 64307497?
False
Is 93 a factor of 186237615?
True
Is 3662252 a multiple of 16?
False
Is 3740331053 a multiple of 237?
False
Is 103 a factor of 358488513?
True
Is 10459069 a multiple of 19?
False
Is 58268553 a multiple of 21?
True
Is 20 a factor of 35765189?
False
Is 857 a factor of 507406561?
True
Is 89 a factor of 41458739?
False
Is 3681935242 a multiple of 87?
False
Is 3 a factor of 6793371?
True
Does 5149 divide 528252070?
False
Is 34604480 a multiple of 16?
True
Is 34493454 a multiple of 474?
True
Does 7 divide 330789495?
False
Does 5 divide 484578?
False
Does 14 divide 1412452?
False
Is 91 a factor of 608502091?
False
Is 39 a factor of 37325540?
False
Is 2738 a factor of 1182620587?
False
Is 280 a factor of 1075160240?
True
Is 6 a factor of 437211335?
False
Is 106659579 a multiple of 392?
False
Is 72 a factor of 831552552?
True
Does 656 divide 78451596?
False
Does 22 divide 17466196?
True
Does 6 divide 12446934?
True
Does 313 divide 205293883?
True
Is 11 a factor of 2080800?
False
Is 522274491 a multiple of 2928?
False
Does 254 divide 3134943390?
False
Does 29 divide 86784849?
True
Is 94 a factor of 33211140?
True
Does 1093 divide 3481487297?
False
Is 368569585 a multiple of 246?
False
Is 16538505 a multiple of 80?
False
Is 110106204 a multiple of 338?
True
Does 168 divide 91553341?
False
Does 291 divide 142075512?
True
Is 2459 a factor of 283753846?
True
Does 39 divide 405829280?
False
Is 1779768 a multiple of 228?
True
Is 651131064 a multiple of 1368?
True
Is 30512453 a multiple of 28?
False
Is 13 a factor of 16529318?
True
Is 5108 a factor of 550376784?
True
Does 2348 divide 205053065?
False
Is 439473078 a multiple of 29?
False
Does 28 divide 410340?
True
Is 5 a factor of 311460?
True
Is 71143565 a multiple of 750?
False
Is 807 a factor of 31596534?
False
Is 13999428 a multiple of 57?
True
Is 2 a factor of 1889753?
False
Does 989 divide 1050174595?
True
Is 678991950 a multiple of 650?
True
Is 13 a factor of 829975445?
True
Is 138951294 a multiple of 2268?
False
Is 349 a factor of 12511999?
True
Does 44 divide 513007616?
True
Is 2693524 a multiple of 4?
True
Is 588 a factor of 55302304?
False
Is 66 a factor of 6109139?
False
Is 8 a factor of 14886953?
False
Does 566 divide 18299867?
False
Is 654 a factor of 29128506?
True
Does 247 divide 214271512?
True
Does 498 divide 53078523?
False
Does 1009 divide 5524071?
False
Is 825 a factor of 85164377?
False
Is 22 a factor of 307519002?
False
Is 539787510 a multiple of 477?
True
Is 31 a factor of 1723595714?
False
Does 959 divide 963253133?
False
Does 1244 divide 13216198?
False
Is 454003299 a multiple of 108?
False
Is 232 a factor of 264164016?
True
Is 11746540 a multiple of 52?
True
Does 168 divide 24169876?
False
Does 214 divide 5608428?
False
Is 40 a factor of 39737520?
True
Does 14 divide 422523325?
False
Is 120579942 a multiple of 2289?
True
Does 622 divide 11836660?
True
Does 24 divide 32085168?
True
Is 935996 a multiple of 195?
False
Is 775 a factor of 68919200?
True
Is 91 a factor of 330077876?
False
Does 113 divide 122277530?
False
Is 576663160 a multiple of 110?
False
Is 72085 a multiple of 13?
True
Is 335 a factor of 113848237?
False
Does 118 divide 169121966?
True
Does 622 divide 23145508?
False
Is 42 a factor of 114688182?
True
Is 692494016 a multiple of 116?
True
Does 258 divide 336517914?
True
Is 69 a factor of 1727941871?
False
Is 121362482 a multiple of 11?
False
Is 27 a factor of 133669143?
True
Does 53 divide 55228695?
False
Is 30821120 a multiple of 114?
False
Does 3543 divide 944439069?
False
Is 211441104 a multiple of 3024?
True
Does 994 divide 77035994?
True
Is 481 a factor of 3510532?
False
Does 352 divide 8080160?
True
Is 7015 a factor of 406561340?
True
Does 587 divide 276505176?
True
Is 1127267271 a multiple of 106?
False
Does 402 divide 312543342?
True
Is 618 a factor of 539761818?
True
Does 297 divide 137116047?
False
Does 816 divide 344750208?
True
Does 2374 divide 121916770?
True
Is 776418872 a multiple of 4?
True
Is 2813 a factor of 43135912?
False
Is 14833548 a multiple of 3221?
False
Is 143 a factor of 840156994?
False
Is 1115322789 a multiple of 4137?
True
Is 73999004 a multiple of 1193?
False
Is 826963758 a multiple of 321?
False
Does 153 divide 2882750?
False
Is 113275767 a multiple of 48?
False
Is 1705113 a multiple of 417?
True
Does 74 divide 7013748377?
False
Is 170 a factor of 25694820?
True
Is 1134362170 a multiple of 11?
False
Does 7981 divide 387812752?
True
Is 24562916 even?
True
Does 1043 divide 3684131535?
True
Is 20 a factor of 30792584?
False
Does 17 divide 402301175?
True
Is 4208310 a multiple of 57?
True
Is 77 a factor of 2305898709?
False
Is 29 a factor of 348468060?
True
Is 17162847 a multiple of 39?
True
Is 39 a factor of 509172580?
False
Is 41385648 a multiple of 1311?
True
Is 91 a factor of 116823525?
True
Is 594587 a multiple of 29?
True
Is 11752949 a multiple of 525?
False
Is 10 a factor of 1263092825?
False
Is 1012548 a multiple of 228?
True
Is 5 a factor of 847075510?
True
Is 554 a factor of 927520628?
False
Does 2494 divide 1490567386?
False
Is 89300394 a multiple of 18?
True
Is 3 a factor of 40870861?
False
Is 106338276 a multiple of 12?
True
Does 2168 divide 186049137?
False
Is 478754916 a multiple of 3475?
False
Is 7 a factor of 1312621901?
False
Is 6052770 a multiple of 35?
False
Is 80435911 a multiple of 1702?
False
Is 420 a factor of 26882035?
False
Is 212403144 a multiple of 258?
True
Is 1633922064 a multiple of 2988?
True
Is 201 a factor of 5546205?
False
Is 129841073 a multiple of 5657?
False
Is 6450906 a multiple of 62?
False
Is 13800324 a multiple of 9?
False
Is 419 a factor of 480448026?
True
Is 254359484 a multiple of 1549?
False
Is 429 a factor of 166031900?
False
Does 12 divide 124504860?
True
Is 2118 a fac